{"id":381,"date":"2021-03-11T09:46:48","date_gmt":"2021-03-11T09:46:48","guid":{"rendered":"http:\/\/shworks.eu\/?post_type=product&#038;p=381"},"modified":"2025-03-20T11:55:13","modified_gmt":"2025-03-20T11:55:13","slug":"galinis-bamperis-pritaikytas-prie-org-galiniu-sparnu-m3-e46-kupe","status":"publish","type":"product","link":"https:\/\/shworks.eu\/index.php\/produktas\/galinis-bamperis-pritaikytas-prie-org-galiniu-sparnu-m3-e46-kupe\/","title":{"rendered":"GALINIS BAMPERIS PRITAIKYTAS PRIE ORG GALINI\u0172 SPARN\u0172 &#8220;M3 E46&#8221; KUP\u0116"},"content":{"rendered":"","protected":false},"excerpt":{"rendered":"","protected":false},"featured_media":519,"comment_status":"open","ping_status":"closed","template":"","meta":[],"_links":{"self":[{"href":"https:\/\/shworks.eu\/index.php\/wp-json\/wp\/v2\/product\/381"}],"collection":[{"href":"https:\/\/shworks.eu\/index.php\/wp-json\/wp\/v2\/product"}],"about":[{"href":"https:\/\/shworks.eu\/index.php\/wp-json\/wp\/v2\/types\/product"}],"replies":[{"embeddable":true,"href":"https:\/\/shworks.eu\/index.php\/wp-json\/wp\/v2\/comments?post=381"}],"wp:featuredmedia":[{"embeddable":true,"href":"https:\/\/shworks.eu\/index.php\/wp-json\/wp\/v2\/media\/519"}],"wp:attachment":[{"href":"https:\/\/shworks.eu\/index.php\/wp-json\/wp\/v2\/media?parent=381"}],"curies":[{"name":"wp","href":"https:\/\/api.w.org\/{rel}","templated":true}]}}