{"id":916,"date":"2021-10-19T08:58:58","date_gmt":"2021-10-19T08:58:58","guid":{"rendered":"http:\/\/shworks.eu\/?post_type=product&#038;p=916"},"modified":"2022-11-04T08:51:44","modified_gmt":"2022-11-04T08:51:44","slug":"e36-compact-wide-bodykit-60mm","status":"publish","type":"product","link":"https:\/\/shworks.eu\/index.php\/produktas\/e36-compact-wide-bodykit-60mm\/","title":{"rendered":"BMW E36 Compact wide bodykit +60mm"},"content":{"rendered":"","protected":false},"excerpt":{"rendered":"<p>Pagaminta i\u0161 auk\u0161tos kokyb\u0117s FRP materialo, tvirtas lengvas ir puikiai tinkantis prie automobilio form\u0173.<\/p>\n<p>Komplekt\u0105 sudaro: 4x sparnai, 2x bamperiai.<\/p>\n","protected":false},"featured_media":919,"comment_status":"open","ping_status":"closed","template":"","meta":[],"_links":{"self":[{"href":"https:\/\/shworks.eu\/index.php\/wp-json\/wp\/v2\/product\/916"}],"collection":[{"href":"https:\/\/shworks.eu\/index.php\/wp-json\/wp\/v2\/product"}],"about":[{"href":"https:\/\/shworks.eu\/index.php\/wp-json\/wp\/v2\/types\/product"}],"replies":[{"embeddable":true,"href":"https:\/\/shworks.eu\/index.php\/wp-json\/wp\/v2\/comments?post=916"}],"wp:featuredmedia":[{"embeddable":true,"href":"https:\/\/shworks.eu\/index.php\/wp-json\/wp\/v2\/media\/919"}],"wp:attachment":[{"href":"https:\/\/shworks.eu\/index.php\/wp-json\/wp\/v2\/media?parent=916"}],"curies":[{"name":"wp","href":"https:\/\/api.w.org\/{rel}","templated":true}]}}